st common factor of 154 and 491238?
22
What is the greatest common factor of 1528 and 82703?
191
Calculate the greatest common divisor of 196 and 1204.
28
What is the greatest common factor of 3134520 and 540?
180
Calculate the highest common factor of 1802 and 262138.
106
Calculate the greatest common factor of 1224099 and 18.
9
What is the highest common divisor of 39 and 54899?
13
Calculate the greatest common divisor of 44 and 98626.
22
What is the greatest common divisor of 213519 and 206?
103
Calculate the highest common divisor of 336 and 48.
48
What is the highest common divisor of 40 and 89555?
5
What is the highest common factor of 18285 and 18975?
345
What is the highest common divisor of 202072 and 1740?
116
Calculate the greatest common factor of 273 and 5187.
273
What is the greatest common factor of 70 and 1745?
5
What is the highest common divisor of 1080 and 180520?
40
What is the greatest common divisor of 63682 and 34?
34
Calculate the highest common divisor of 411040 and 32.
32
What is the highest common factor of 48141 and 27?
27
Calculate the highest common divisor of 3384 and 916500.
564
Calculate the highest common divisor of 2171 and 73320.
13
What is the greatest common divisor of 1057 and 693?
7
What is the greatest common divisor of 155 and 2711105?
155
What is the highest common divisor of 66 and 1709961?
33
Calculate the greatest common factor of 25832 and 40.
8
What is the greatest common divisor of 612 and 63189?
153
Calculate the greatest common divisor of 400080 and 144.
48
Calculate the greatest common divisor of 255 and 825231.
51
What is the highest common divisor of 759 and 68772?
33
Calculate the highest common factor of 307 and 89030.
307
What is the greatest common factor of 55 and 104709?
11
Calculate the greatest common divisor of 56 and 1768648.
56
Calculate the greatest common divisor of 6384 and 8288.
112
What is the highest common factor of 98 and 317534?
14
What is the highest common factor of 44 and 2456?
4
What is the highest common factor of 72 and 44514?
18
What is the highest common divisor of 38475 and 150?
75
What is the highest common divisor of 80261 and 249?
83
What is the highest common factor of 190 and 1541945?
95
Calculate the greatest common factor of 222 and 1946533.
37
Calculate the highest common factor of 330 and 162900.
30
Calculate the greatest common divisor of 844348 and 172.
172
What is the highest common divisor of 15093 and 7254?
117
Calculate the greatest common factor of 125 and 5800.
25
Calculate the greatest common factor of 186 and 61814.
62
What is the greatest common divisor of 9618 and 210?
42
Calculate the highest common factor of 48625 and 5835.
1945
Calculate the highest common divisor of 5 and 11047.
1
Calculate the highest common factor of 33232 and 2294.
62
Calculate the greatest common factor of 57133 and 18848.
589
Calculate the highest common divisor of 16900 and 12350.
650
Calculate the greatest common factor of 40 and 43712.
8
What is the highest common divisor of 12 and 22508?
4
Calculate the highest common factor of 832 and 254228.
52
Calculate the greatest common divisor of 12412 and 3132.
116
What is the highest common factor of 12 and 61028?
4
What is the greatest common divisor of 52 and 26?
26
What is the highest common divisor of 34294 and 78?
26
Calculate the greatest common factor of 2813107 and 506.
253
Calculate the greatest common divisor of 435141 and 63.
63
What is the greatest common factor of 116128 and 14896?
304
What is the greatest common divisor of 203 and 337589?
203
Calculate the greatest common factor of 12855 and 15.
15
What is the highest common divisor of 611 and 14417?
13
Calculate the highest common divisor of 100155 and 11.
11
Calculate the highest common factor of 15372 and 3276.
252
What is the greatest common divisor of 655 and 13?
1
Calculate the greatest common divisor of 1360080 and 1440.
720
Calculate the greatest common divisor of 973 and 12810.
7
What is the greatest common factor of 1060281 and 9?
9
Calculate the greatest common factor of 651 and 903.
21
What is the greatest common factor of 5603 and 21697?
13
What is the greatest common divisor of 89072 and 3952?
304
What is the highest common divisor of 45 and 63435?
15
Calculate the greatest common factor of 264 and 415470.
66
What is the greatest common divisor of 22 and 13497?
11
Calculate the greatest common factor of 48841 and 187.
17
Calculate the greatest common divisor of 13200 and 5456.
176
What is the greatest common divisor of 257542 and 61?
61
What is the highest common divisor of 50471 and 2296?
41
What is the highest common factor of 384 and 4328?
8
Calculate the highest common factor of 12101375 and 143.
143
What is the greatest common divisor of 2035 and 7152211?
407
What is the greatest common divisor of 4755 and 15216?
951
Calculate the greatest common divisor of 12 and 4109604.
12
What is the highest common factor of 168 and 435036?
84
What is the highest common factor of 387 and 27540?
9
Calculate the highest common factor of 996 and 321.
3
Calculate the greatest common divisor of 4837 and 7601.
691
What is the highest common divisor of 522 and 112143?
87
Calculate the highest common factor of 65560 and 15.
5
What is the highest common divisor of 25 and 191965?
5
Calculate the greatest common factor of 22896 and 44997.
159
Calculate the highest common factor of 319 and 12295217.
319
Calculate the highest common factor of 80 and 42520.
40
Calculate the highest common factor of 400 and 287600.
400
Calculate the highest common factor of 68374 and 544.
34
Calculate the highest common factor of 78 and 30693.
39
What is the highest common factor of 2143 and 1?
1
What is the greatest common divisor of 70506 and 6?
6
What is the greatest common divisor of 64722 and 161?
161
Calculate the greatest common divisor of 170 and 7571970.
170
Calculate the greatest common divisor of 355968 and 3502.
206
Calculate the highest common divisor of 10 and 335705.
5
Calculate the highest common divisor of 33 and 2517.
3
Calculate the highest common divisor of 4092 and 12617.
341
What is the greatest common factor of 10 and 30796?
2
What is the highest common factor of 1030 and 1650?
10
Calculate the highest common divisor of 2168 and 272.
8
What is the highest common factor of 1608633 and 351?
351
What is the greatest common factor of 2067 and 1833?
39
Calculate the highest common divisor of 12 and 11292.
12
What is the greatest common divisor of 16623075 and 15?
15
Calculate the greatest common divisor of 44 and 67529.
11
What is the greatest common factor of 4085 and 2795?
215
What is the highest common factor of 139615 and 105?
35
Calculate the greatest common divisor of 448915 and 65.
5
What is the greatest common divisor of 79660 and 1300?
20
Calculate the greatest common divisor of 7 and 56245.
7
What is the greatest common factor of 4505155 and 61?
61
What is the greatest common factor of 56 and 998312?
56
Calculate the highest common factor of 970 and 1370.
10
What is the highest common factor of 6042 and 114?
114
Calculate the highest common factor of 60420 and 2508.
228
What is the highest common factor of 9 and 2105?
1
Calculate the greatest common divisor of 1750 and 24220.
70
What is the highest common factor of 598 and 172408?
46
What is the greatest common divisor of 3280 and 5390?
10
What is the highest common factor of 168 and 44072?
56
What is the highest common factor of 1137 and 639?
3
What is the highest common factor of 2982 and 148106?
994
Calculate the greatest common divisor of 230940 and 96.
12
What is the greatest common factor of 3517 and 4?
1
Calculate the highest common factor of 9140 and 900.
20
Calculate the greatest common factor of 92877 and 498.
249
Calculate the greatest common factor of 670 and 318786.
134
What is the highest common factor of 261590 and 148?
74
What is the highest common factor of 214877 and 52?
13
What is the highest common divisor of 1905 and 1538859?
381
Calculate the greatest common divisor of 24827 and 74.
37
What is the greatest common divisor of 1321760 and 176?
176
Calculate the highest common divisor of 399 and 202559.
133
What is the highest common factor of 1015 and 896?
7
Calculate the greatest